 by ((16/6)/2)/((-28)/(-441)).
17
Suppose -5*t + 185 = 40. Let v(z) = -z**2 - 5*z + 74. Calculate the remainder when t is divided by v(-11).
5
Suppose 9*l = r + 4*l + 7, 0 = 4*l - 8. Suppose -2*t + 29 = 5*w, t - r = -w + 1. Calculate the remainder when 12 is divided by w.
5
Let v(z) = 3*z**3 - 15*z**2 - 3*z - 41. What is the remainder when v(7) is divided by 18?
16
Suppose 0 = -5*i + o + 32 + 7, 0 = 5*i + 2*o - 27. Suppose -54 = -2*m + m. Calculate the remainder when m is divided by i.
5
Let b = 157 + -153. What is the remainder when 54 is divided by b/(-1) + 14 - -4?
12
Let z(g) = -8*g - 5. Suppose 3*d = -3*t + 33, -3*t + 2*d = -6*t + 29. Suppose -12 = t*k - 376. What is the remainder when k is divided by z(-4)?
25
Suppose -y - 5 + 11 = 0. What is the remainder when 65 is divided by ((-44)/y)/((-6)/9)?
10
Let b(z) = 168*z**2 + 8 - z + 0*z - 8. Calculate the remainder when b(-1) is divided by 43.
40
Let c(g) = -g**2 - 50*g + 469. What is the remainder when c(-54) is divided by 5?
3
Let y(c) = -2*c. Let q be y(-4). Suppose 0 = -o + q + 16. What is the remainder when 17 is divided by (-1)/(-3) + 232/o?
7
Let w = -577 + 556. Suppose 2*v - 88 = -0*v. Let f = v + w. Calculate the remainder when f is divided by 12.
11
Let y = 2864 - 2094. Calculate the remainder when y is divided by 86.
82
Let k = -136 + 87. Let w = 80 + k. What is the remainder when 185 is divided by w?
30
Suppose 3*a - 62 = -200. Let f be (a/(-8))/(3/(-12)). Let b = f - -36. Calculate the remainder when 37 is divided by b.
11
Suppose -26*c + 1481 + 443 = 0. What is the remainder when 959 is divided by c?
71
Suppose 58*o - 863 = 355. Let c(y) = 2*y + 4. Let n be c(-4). Let s(i) = -15*i + 1. Calculate the remainder when s(n) is divided by o.
19
Suppose -7329 = -65*t + 5996. Calculate the remainder when t is divided by 19.
15
Suppose -635 + 539 = -4*q. Calculate the remainder when 139 is divided by q.
19
Suppose -x - 10 - 138 = -4*y, 5*x + 20 = 0. What is the remainder when 2590 is divided by y?
34
Let b = 781 - 765. What is the remainder when 39 is divided by b?
7
What is the remainder when 12 is divided by 36/4 + -2 - -1?
4
Suppose 5*o - 54 = 3*o. Let r = -213 + 228. Calculate the remainder when o is divided by r.
12
Let o be 2/4 + 1/(-2). Suppose -3*b + 6 + 9 = o. What is the remainder when (3*-1 - 1)*-2 is divided by b?
3
Let p(l) = -12*l + 142. What is the remainder when 77 is divided by p(9)?
9
Suppose -30 = -k + 5*y, 4*k - 3*k = y + 14. Let n = 84 - 51. Calculate the remainder when n is divided by ((-56)/(-20))/(4/k).
5
Suppose 96*m - 470 = 91*m. Calculate the remainder when m is divided by 6.
4
Let n = -340 - -349. What is the remainder when n is divided by 2?
1
What is the remainder when 329 is divided by (-2)/(8 - 266/33)?
32
Let j(g) = 3*g + 1. Let h be -2*((-12)/8 - -3). Calculate the remainder when (-355)/(-30) - h/18 is divided by j(2).
5
Let v(x) = -x**3 - 13*x**2 + 3. Let l be v(-13). Suppose m + 3 = 0, 0 = -0*z + l*z + 2*m - 36. What is the remainder when 50 is divided by z?
8
Suppose o + 2 = 0, f + o = -2*f - 23. Calculate the remainder when -1 - -1 - (-105 - f) is divided by 19 + 1/((-1)/(-1)).
18
Calculate the remainder when 67 is divided by (14 + (-280)/21)/((-2)/(-6)).
1
Let s = -77 - -109. Calculate the remainder when s is divided by 23.
9
Let h = 17 - 17. Suppose 2*f + 3*f - 135 = h. Calculate the remainder when (-16)/3*15/(-1) is divided by f.
26
Let z(k) = -5*k - 48. Calculate the remainder when 233 is divided by z(-12).
5
Suppose 0 = 26*o - 39*o + 650. Let z = 62 - -2. Suppose 5*p - 66 = z. What is the remainder when o is divided by p?
24
Let p(w) = -w**3 - 9*w**2 + 12*w + 36. Suppose 0 = -5*k - 5*n + 155, 0 = -k + 3*n - 3 + 22. What is the remainder when k is divided by p(-10)?
12
Suppose 3*h - y - 13 = -2*y, -h + 2*y + 2 = 0. Let b be h*1*210/4. What is the remainder when (0 + 2)/(20/b) is divided by 12?
9
Suppose -7*p = 2*p - 63. Calculate the remainder when 1182 is divided by p.
6
What is the remainder when (104/(-24))/(((-8)/78)/4) is divided by 79?
11
Suppose -62 = -79*n + 81*n. Let f = 45 + n. Calculate the remainder when 38 is divided by f.
10
Let r(s) = -s**3 + 3*s**2 - s - 2. Let j be r(-4). Let x = j - 94. What is the remainder when 34 is divided by x?
14
Let r = -166 + 189. Calculate the remainder when 44 is divided by r.
21
Suppose 5*c - 22 = 4*v, 0 = 2*c - 3*v - 2 - 4. Let l(x) = 82*x + 836. What is the remainder when l(-10) is divided by c?
4
Calculate the remainder when (-16)/3 + 4 - 21920/(-96) is divided by 25.
2
Let n(y) be the second derivative of -1/12*y**4 + 7/2*y**2 + 0 + 1/2*y**3 + y. Calculate the remainder when n(3) is divided by 2.
1
Calculate the remainder when -2 - (-44)/24 - 96407/(-102) is divided by 11.
10
Let t(y) be the third derivative of 5*y**4/24 - 25*y**3/2 + 22*y**2. What is the remainder when t(18) is divided by 4?
3
Suppose 3*n - 193 - 731 = 5*v, -5*v - 938 = 4*n. Let a = -98 - v. Calculate the remainder when a is divided by 31.
26
Let q(m) = m**3 - 13*m**2 - 8*m + 35. Let a(u) = u**3 - 13*u**2 - 7*u + 34. Let c(z) = -5*a(z) + 4*q(z). What is the remainder when 21 is divided by c(13)?
3
Let o = -99 - -133. Calculate the remainder when o is divided by 18.
16
Let j(f) = 2*f + 39. Let q be j(-19). Suppose 0 = -3*w - q + 22. Suppose -3 = -i, -5*d + 0*d + 141 = 2*i. Calculate the remainder when d is divided by w.
6
Suppose -l + 171 - 126 = 2*h, -2*l + 92 = 3*h. Calculate the remainder when l is divided by 18.
13
Suppose -66 = -2*u + 28. Suppose u = -5*h + 3*r - 16, -9 = h + 3*r. What is the remainder when (-2)/(h/3)*16 is divided by 5?
3
Suppose 6*u - 6 = 12. Suppose u*v + t - 88 = 0, -v - 2*t - 85 = -4*v. Calculate the remainder when v is divided by 7.
1
Let l(z) = 2*z**2 - 10*z + 9. Let b be l(3). Calculate the remainder when 54 is divided by (b + 78/27)*-12*15.
14
Let p = -1731 + 2071. Calculate the remainder when p is divided by 116.
108
Let i(x) = -4*x + 8. What is the remainder when i(0) is divided by 5?
3
Suppose -2*b + 34 = -b - 4*z, 3*z + 15 = 0. Let d be (-36)/8 + 1/(-2). What is the remainder when (-129)/(-5) + (-1)/d is divided by b?
12
Let h(k) = k**3 + 6*k**2 - 17*k - 1. Let p be h(-8). Suppose p*c - 2*c = 55. Calculate the remainder when c is divided by 4.
3
Suppose -53*g - 110 = -55*g. Let s(u) = u**2 - 4*u - 1. Calculate the remainder when g is divided by s(-3).
15
Let x(d) be the first derivative of d**3/3 - 2*d**2 - 2*d - 2. What is the remainder when x(7) is divided by 7?
5
Suppose 17*i = 1548 + 458. Calculate the remainder when i is divided by 10.
8
What is the remainder when 103 is divided by 7 + -3*12/9*1?
1
Let g(r) = r**2 - 13*r + 15. Let d be g(12). Let m be d/(-2)*(-8)/(-6). What is the remainder when 3 is divided by (-2)/(4*1/m)?
0
Suppose -216*m + 12 = -212*m. Suppose 2*q - 73 = 3*y + 13, 43 = q - m*y. Calculate the remainder when q is divided by 11.
10
Suppose 3*n = 4*g - 82 + 527, -n + 130 = -5*g. What is the remainder when n is divided by 20?
15
What is the remainder when 61 is divided by (0 - 1)/(13/(-221))?
10
Let p(y) = -y**3 - 12*y**2 - 15*y - 13. Let m be p(-11). Suppose 0 = -3*l + m - 1. Let c = -88 + 125. Calculate the remainder when c is divided by l.
7
Suppose -2*r + 7*n - 3*n + 1294 = 0, -2*n = -8. What is the remainder when r is divided by 134?
119
Let n(r) = -r + 11. Let j be n(9). Let i be -2 - (-4)/(2/j). Suppose 5*w - 13 = -i*y, y + 3*w + 72 = 4*y. What is the remainder when 35 is divided by y?
16
Let c = 24 - 4. Let a = -40 + 94. What is the remainder when a is divided by c?
14
Let x(i) = 20. Let h(t) = -t + 41. Let l(s) = -2*h(s) + 5*x(s). Let a be l(-13). Let d = 21 + a. What is the remainder when d is divided by 7?
6
Let y = 2 - -10. Suppose -4 - y = -2*o. What is the remainder when 31 is divided by o?
7
Let o(d) = d**2 + 19*d - 5. Let u(b) = -b**3 + 2*b**2 + 3. Let v be u(3). What is the remainder when o(-23) is divided by (0 + -3)/(v/44)?
21
Let n(a) = 2*a**2 - 6*a - 10. Let z be n(7). Let s = 79 - z. Calculate the remainder when s is divided by 1*1/(2/14).
5
Calculate the remainder when 71 is divided by (3 - -1) + (18 - -4).
19
Let t(j) = 4*j - 10. Let i(c) = 12*c - 30. Let r(z) = 5*i(z) - 14*t(z). Calculate the remainder when 36 is divided by r(8).
14
Suppose 8*d